 h = 74 + -46. What is the remainder when 65 is divided by h?
9
Let s = -256 - -283. Calculate the remainder when s is divided by 14.
13
Let d = -1 + 3. Let w be -1*2 + (-24)/(-6). Let l = d + w. What is the remainder when l is divided by 2?
0
Let z = -1154 - -1406. Calculate the remainder when z is divided by 37.
30
Let u(n) = -2*n + 2. Let f be u(-7). Suppose j - f = 2. What is the remainder when 402/j + 2/(-6) is divided by 6?
4
Let m(r) = r**2 - 20*r + 59. Let l be m(10). Let d be 1/((-57)/(-29) + -2). Let j = d - l. Calculate the remainder when 22 is divided by j.
10
Let m(r) = -6*r - 22. Suppose 5*d = -4*s - s - 55, 2*s - 2*d + 22 = 0. Let b be m(s). Suppose -3*h + b = -55. Calculate the remainder when 98 is divided by h.
32
Let j = -547 + 738. What is the remainder when j is divided by 24?
23
Let t be (7/14)/(2/(-172)). Let v = t - -84. Calculate the remainder when v is divided by 14.
13
Let h be ((-26)/(-4))/(2/(-4)). Let z = -71 - h. Let n = 35 - z. Calculate the remainder when n is divided by 24.
21
Suppose 461 + 13 = 3*x. Let q = -5 + x. What is the remainder when q is divided by 31?
29
Let b = 57 + -45. Suppose i - b = -i. What is the remainder when 26 is divided by i?
2
Let h = 97 - 84. What is the remainder when h is divided by 3?
1
Suppose -18*c = -17*c - 36. Let j(w) = w**2 - 14*w + 9. Let q be j(11). Calculate the remainder when 62 is divided by q/c*(-39)/2.
10
Let r = 14 - 0. Let a be ((-6)/(-27)*-3)/(46/(-207)). Suppose r = a*x - 1. What is the remainder when x is divided by 4?
1
Suppose 102*o - 120 = 101*o. Suppose 0 = 2*x - 18 - 64. Calculate the remainder when o is divided by x.
38
Calculate the remainder when 32/(6/36*1) is divided by 65.
62
Let z = 390 - 369. Calculate the remainder when 71 is divided by z.
8
Let m = 31 - 15. What is the remainder when m is divided by -3*740/(-480) + 3/8?
1
Let h(n) = -n**3 - 23*n**2 - 26*n - 68. What is the remainder when h(-22) is divided by 8?
4
Suppose 2*o - 9 = -k, -5*k = -2*k + 5*o - 29. Let b = -9 + k. Let t = -76 + 85. What is the remainder when t is divided by b?
1
Let r be ((-2)/(-3))/(28/(-294)). What is the remainder when 17 is divided by (((-63)/12)/r)/((-2)/(-16))?
5
Suppose -55 = 3*x + 23. Suppose -6*i - 45 = 3*i. Let s = i - x. Calculate the remainder when 81 is divided by s.
18
Suppose -2*w - 3*b - 6 = -w, -10 = 5*w + 5*b. Calculate the remainder when (w - (-15)/6)/((-1)/(-6)) is divided by 2.
1
Let z(l) = -83*l - 104. What is the remainder when z(-3) is divided by 24?
1
Let v = 24 + 56. What is the remainder when 397 is divided by v?
77
Let c be 501/(4/8*2). Calculate the remainder when c/12 - (-3)/(-4) is divided by 21.
20
Suppose -c = c - s - 70, -3*s - 12 = 0. Suppose 84 = n - c. What is the remainder when n is divided by 30?
27
What is the remainder when 2481 is divided by 4/(-28) - 120/(-7)?
16
Suppose 0*o + 5*o = 0. Let y(g) = 2*g**2 - 9*g + o + 4 - 2*g. What is the remainder when y(9) is divided by 17?
16
Let t = 5 + -9. Let n = t + 8. Suppose w - 2 + 6 = 0, z - 10 = -n*w. What is the remainder when z is divided by 9?
8
Suppose -22 = -4*w + 26. Suppose 0 = z + 33 - 3. Calculate the remainder when 1/((-4)/(-30))*z/(-5) is divided by w.
9
Suppose 5*i + 0*h - 3*h = 246, -3*i + 150 = -3*h. Suppose 2*j - 26 = -2*f - j, -j = -5*f + i. Calculate the remainder when 48 is divided by f.
8
Let p(a) = -2*a**3 - 8*a**2 - 12*a + 1. What is the remainder when 68 is divided by p(-3)?
11
Suppose 3*b - 14 = 1. Let m(i) = 2*i**2 + 4*i - 72. What is the remainder when m(6) is divided by b?
4
Let w(s) = 1 + 8 - 8 - s**2. Let g be w(3). What is the remainder when 27 is divided by (1 + (-52)/g)*2?
12
Let f = 17 + -12. Calculate the remainder when 29 is divided by f.
4
Let j(h) = h**3 - h + 12. Suppose 2*m = 4*s + 6, -4*m = -s - 5 - 7. Suppose -c + 2*t - 7 = -2*c, 2*c = 4*t + 6. What is the remainder when j(s) is divided by c?
2
Suppose -5*o - 1241 = -1376. Calculate the remainder when o is divided by 11.
5
Let k be (6/9)/((-4)/(-18)). Suppose -k*u = -130 + 46. Suppose 3*y - u - 56 = 0. Calculate the remainder when y is divided by 10.
8
What is the remainder when 40 + -1 + (3 - 1) is divided by 171/399 - 19/14*-10?
13
Suppose 1 = -2*i + 11. Suppose -2*c - 45 = -j - 82, c = -5*j + 2. Calculate the remainder when c is divided by i.
2
Let l = 5 - -21. Calculate the remainder when 1152/(-80)*(-10)/3 is divided by l.
22
Suppose 20 = 5*y - 65. Let p be 0 + -28 - (y + -16). Let s = 32 + p. What is the remainder when 7 is divided by s?
1
Suppose 0 = -i - 3*v + 17, i + 4 = 5*i - 4*v. Suppose 0*c - 2*c - 7 = -i*a, 24 = c + 3*a. Calculate the remainder when c is divided by 5.
4
Let b = 195 - 174. What is the remainder when 81 is divided by b?
18
Suppose -251 + 93 = -2*f. Calculate the remainder when f is divided by 20.
19
Let k = -39 + 48. Let c(p) = -5 + 7*p - 4*p - p**3 - 5 + 9*p**2. Calculate the remainder when c(k) is divided by 9.
8
Let g(u) = 8*u + 78. Let d(r) = r**2 - r - 5. What is the remainder when d(7) is divided by g(-8)?
9
Let f = -242 - -256. Calculate the remainder when 138 is divided by f.
12
Let s be -1*14*12/(-42). Suppose -2*m = -8, -2*u - s*m = -6 - 16. What is the remainder when 19 is divided by (-15)/(u - (-27)/(-6))?
9
Let x be -2*4 + -3 + 4. Let p be x/7 - (-6 - -1). Suppose -71 = -p*i - 5*a, 4*i - a - 59 = -2*a. Calculate the remainder when 40 is divided by i.
12
Suppose -108 + 588 = 3*o. What is the remainder when o is divided by 50?
10
Suppose 2*b - 9 = b. What is the remainder when b is divided by (-8 - -13)*12/10?
3
Suppose 2*f + 0*f = 52. Suppose 8 = 2*u - f. Let t(r) = -r**2 + 14*r + 5. Calculate the remainder when u is divided by t(14).
2
Suppose 13 + 11 = 3*c. Suppose -3*f - 125 = -c*f. What is the remainder when f is divided by 14?
11
Suppose b = -3*d + 174, 0*d + 2*b = -3*d + 171. Let g(k) = 3*k - 1. Let i be g(1). Suppose 3 + 27 = i*m. Calculate the remainder when d is divided by m.
14
Suppose -41*i + 25 = -40*i. What is the remainder when i is divided by 4?
1
Let k = -7 - -12. Let a(i) = i**2 + 4. Let m be a(k). Suppose -4*z - m = -5*z. Calculate the remainder when z is divided by 16.
13
Let o = 30 - 1. Let w = -768 - -776. Calculate the remainder when o is divided by w.
5
Let g be 0/(-1*(-2)/(-1)). Let w = 242 + -67. Suppose w = 5*c - 5*y, 5*y - 2*y = g. What is the remainder when c is divided by 12?
11
Calculate the remainder when 272 is divided by ((-3726)/405)/(1/((-10)/4)).
19
What is the remainder when 113 is divided by (-200)/(-15)*(36/20)/1?
17
Let t(f) = 39*f**2 + f - 1. Let i be t(6). Let n = 129 - i. Calculate the remainder when n/(-30) + (-2)/(-6) is divided by 11.
10
Let j = 225 + -203. What is the remainder when 373 is divided by j?
21
What is the remainder when 341 is divided by -7*(-116)/(-56)*-6?
80
Let g be 12/(-16)*4*-1. Suppose 26 = -g*q + 5*q. Let o(y) = y**2 + y - 6. What is the remainder when o(7) is divided by q?
11
Let p(x) = -x + 38. Let w be p(22). Suppose -y + 5 = -w. Calculate the remainder when 40 is divided by y.
19
Suppose 2*w = -2*w + 64. Let r(p) = -3*p**2 - 6*p + 9. Let c(v) = v**2 + v - 1. Let f(y) = 9*c(y) + r(y). What is the remainder when f(2) is divided by w?
14
Let l(q) = q**3 + q**2 - q. Let c be l(-2). Let t(a) = 4*a**2 + a. Let v be t(c). Suppose -v = -2*n + 2. What is the remainder when 29 is divided by n?
5
What is the remainder when ((-234)/7)/((-81)/378) is divided by 4?
0
Suppose 4*m = 22*m - 7164. Calculate the remainder when m is divided by 19.
18
Let p be (-1)/(-3) - 102/9. Let x = 59 - p. Calculate the remainder when x is divided by (1/1)/((-192)/(-6912)).
34
Let v(z) = -z**3 - 8*z**2 + 7*z - 2. Let k(t) = t - 13. Let u be k(9). What is the remainder when v(-9) is divided by (-95)/(-20) + (-1)/u?
1
Let d(k) = -26 + 0*k + 37*k**2 + 25 - 12*k**2 + 2*k. What is the remainder when d(-2) is divided by 33?
29
What is the remainder when (-252)/(-52) + 12/78 - -57 is divided by 32?
30
Let y be 2/6 - 130/(-6). Suppose -z = 4*z - n - 17, 4*z + 2*n - y = 0. Suppose 146 - 355 = -19*x. Calculate the remainder when x is divided by z.
3
Let k(o) = -o**3 + 6*o**2 - 4*o + 5. Suppose 6*l - l + 35 = 0. Let w = 36 + l. What is the remainder when w is divided by k(5)?
9
Let t be (-5)/(-2) - (-3)/2. Suppose -t*h - 25 + 5 = 